*u**2 - 22*u - 11. Suppose -381 - 259 = -117*f + 2051. Determine g(f).
12
Let y(p) = -9*p + 7739 - 15538 + p**2 + 7772. Determine y(10).
-17
Let b(c) be the third derivative of c**4/6 - 8*c**2. Let k be (14/(-28))/(2/28). Let s(r) = -r**3 - 7*r**2 - 2*r - 9. Let f be s(k). What is b(f)?
20
Let t(j) = j**2 + 18*j + 81. Let x = 5907 - 5912. Calculate t(x).
16
Let p(w) = 2*w**2 + 2*w + 1. Let y = 260 - 260. Suppose -4*d + y = 4*k + 4, -k + 7 = 5*d. What is p(k)?
13
Suppose 0 = 4*z - 2*r + 2, 5*z + 4*r = 10 + 20. Let m(o) be the second derivative of 1/2*o**3 + 1/12*o**4 + 0 + 19*o - 5/2*o**z. Give m(-4).
-1
Let c = 24918 - 24926. Let s(j) = 2*j**3 + 17*j**2 + 9*j + 33. What is s(c)?
25
Suppose 0*u + u = -2*x - 5, -u - 9 = 3*x. Suppose 0 = -4*z + 3*h - 3, 0*h + h = -4*z + 1. Let k(a) = -7*a - 2 - u + 6 + z. Give k(1).
-6
Let q(a) = -6*a + 3. Suppose i = -v, 9*v - 11*v + 9 = 5*i. Let g(d) = d**2 + 14 - 29 + 13 + i*d. Let s be g(-2). What is q(s)?
27
Let u(b) = 4*b**3 - 6*b + 8. Let m be u(3). Suppose 103*y - m*y = -30. Let f(c) = -3*c - 5. What is f(y)?
13
Let h(p) = 22*p - 1. Let z(n) = -3*n + 82. Suppose -3*l + 108 = 4*m, -135 = -5*m + 4*l - 3*l. Let s be z(m). Calculate h(s).
21
Let a(b) = 19*b**2 - 8*b - 14. Let i(q) = -79*q**2 + 33*q + 56. Let w(o) = -25*a(o) - 6*i(o). Calculate w(7).
-21
Let t be -13*(-12)/(-312)*8. Let x(s) = -3*s**2 - 9*s + 3. Give x(t).
-9
Let j(x) = -166 - x - 147 - 161 + 451. Determine j(9).
-32
Let x = -9024 - -9002. Let p(d) = d**2 + 27*d + 106. Determine p(x).
-4
Let u(c) = -43 + 4 + 136 - 15*c + 99 - 4. Give u(12).
12
Let s(f) = -2*f - 14. Suppose 2*a - 15 = -3*v + 7, 3*a - 33 = 4*v. Determine s(a).
-36
Let l(s) = 2*s**2 + 2*s. Let x be (71/(-3))/((-24)/18 + 1). Let r = 69 - x. Calculate l(r).
4
Let l(j) = -3*j + 17. Let k = 3764 - 3756. Give l(k).
-7
Suppose 224 - 217 = 7*i. Let s be i/(-10) - (-1863)/230. Let z(h) = -6*h + 6. What is z(s)?
-42
Suppose 4*i - 17 = -13. Let n(f) = -3*f**2 - f - 1. Let q(s) = -s**3 - s**2 - 1. Let z(l) = i*n(l) - 2*q(l). Calculate z(-2).
-17
Let s(w) = -w**2 + 8*w + 15. Let p be 10/((-358)/(-537) + (4/(-6) - -1)). Determine s(p).
-5
Suppose 25*g = 24*g + 2*y + 10, 5 = 2*g + y. Let c(t) = 2*t - 22. Give c(g).
-14
Let r(j) = -1095*j + j**2 + 1081*j + 0*j**2 + 1. Suppose -37*m + 672 = 11*m. Give r(m).
1
Let y(d) be the first derivative of 12*d**2 + 13*d - 5150. Calculate y(-2).
-35
Let f(l) = 2*l - 1. Let b = 452 + -416. Suppose -15*p + b*p = -42. Determine f(p).
-5
Suppose -4*a + 3*b = -15, -2*a - 3*a + 2*b = -17. Let z(g) = 6*g**3 - 2*g**2 + 4 - 11*g**3 - a. What is z(1)?
-6
Suppose -o = 5*n - 14, -o - n + 16 = -3*o. Suppose f = -3 + 5. Let j(k) = 6*k - 16*k - k**f - 4 + 2*k. Give j(o).
8
Let b(y) = 4*y - y**3 + 2*y**3 + 4*y**2 - 4 - y + 0*y**3. Suppose -3*j = 5*f + 34, -3*j = 2*f + 13 + 6. Calculate b(j).
-4
Let s(h) = 3*h**2 - 28*h - 100. Let u(j) = -2*j**2 + j + 1. Let o(p) = s(p) + 2*u(p). Let m be o(-22). Let f(r) = r**2 + 11*r - 10. Calculate f(m).
-20
Let s be (-16)/(-3) + 1/(-3). Let p(a) = 1919512*a + 4 + 1 - 959776*a - 959739*a. Calculate p(s).
-10
Let f(m) be the second derivative of 0 + 8*m - 2/3*m**3 + m**2. Let k(c) = -c**2 - 10*c - 22. Let g be k(-5). What is f(g)?
-10
Let b be (-72)/(-468) - 108/26. Let a be (21/12 - 2)*-4. Let v(l) = a - 3 + 3*l + 4 + 2. Calculate v(b).
-8
Let l be 3 - (-9 - (2 - 10)). Suppose 12*o = 11*o + 3*c - 4, o - l*c + 5 = 0. Let v(f) = 23*f + 1. What is v(o)?
-22
Let m(i) = -50*i + 5. Let g(v) = -84*v + 9. Let r(z) = -3*g(z) + 5*m(z). Suppose 5*p = -4*y + 46 + 14, -5*y = 3*p - 62. Calculate r(y).
18
Suppose -5*t + 75*d - 80*d = 55, 2*t = -5*d - 37. Let r(m) = 2*m**2 + 6*m - 3. Calculate r(t).
33
Let c(r) be the second derivative of -1 + 1/6*r**3 - 1/20*r**5 - 64*r + r**2 + 1/12*r**4. Determine c(2).
0
Let h(v) = -14*v**2 + 99*v + 52. Let y(f) = -5*f**2 + 34*f + 17. Let b(r) = 6*h(r) - 17*y(r). What is b(-15)?
8
Suppose 2*d = t + 25, -5*d - 56 = 2*t - 105. Let q(y) = -y**2 + 14*y - 22. What is q(d)?
11
Let p be -9 + -1 - (2 - 1). Let w be (-4)/(-20) + 208/(-40). Let r = p - w. Let b(o) = -o**3 - 7*o**2 - 8*o + 2. Calculate b(r).
14
Suppose 40*u + 57*u = 76*u + 105. Let f(t) = t**2 - 6*t + 8. Calculate f(u).
3
Let s be (9/2 - (-6 - -11))*-6. Suppose -9*y + 4*g = -5*y - 20, -6 = s*g. Let a(t) = -4*t**2 + t - 1. What is a(y)?
-34
Let a = -9549 + 9552. Let u(l) = 14*l + 6. Give u(a).
48
Let l(t) = t**2 + 2*t + 1. Let p(c) = 25*c + 41. Let a be p(-4). Let h = 57 + a. Give l(h).
1
Let m(t) = t. Suppose 2*u + 6*g + 1056 = 11*g, 0 = -5*u - g - 2667. Let h = u + 528. What is m(h)?
-5
Let y(t) = -3*t**2 + 8*t - 20. Suppose 0 = 21*n - 153*n + 118 + 674. Calculate y(n).
-80
Let r(u) be the first derivative of u**4/4 + u**3 - 3*u**2/2 + 9*u + 595. Give r(-4).
5
Let v(w) = -6*w**2. Suppose 4*k = -5*x - 12, -22*k + 19*k = 4*x + 10. Determine v(k).
-24
Let z(o) be the third derivative of o**4/24 - o**3/2 + 1154*o**2. Calculate z(8).
5
Let f(w) = w**3 - 153*w - 162*w - 172*w - 29 - 161*w + 661*w - 10*w**2. Give f(9).
7
Let v(b) be the third derivative of -b**5/30 + 9*b**4/8 - 43*b**3/3 - 2663*b**2. Give v(6).
4
Let a(n) = -n**2 - 2*n + 4. Let b = 68 + -72. Let i(o) = -o**2 - 2*o + 3. Let w(t) = b*a(t) + 5*i(t). What is w(-3)?
-4
Let c(n) = n**3 - 8*n**2 + 13*n + 7. Let a be (-39 + 32)/(35/(-30)). Give c(a).
13
Let i(n) = 41*n - 21. Let c(j) = -7*j + 9. Let z be c(1). Let t(b) = -17*b + 11. Let d(p) = z*i(p) + 5*t(p). Determine d(9).
-14
Let y = -4772 - -4780. Let j(c) = c**2 - 5*c + 7. Determine j(y).
31
Let g(n) = -n**2 - n - 5. Let p(x) = 81*x**2 - 169*x**2 - 16 + 86*x**2 - 4*x. Let f be p(-5). Let t = f + 46. What is g(t)?
-5
Suppose 2*g = -3*c + 30, c - 2*g + g - 5 = 0. Suppose -5*l - 3*m = -3*l - c, l - 3*m = -5. Let b(d) be the second derivative of 7*d**3/6 + 68*d. What is b(l)?
7
Suppose 0 = -14*y - 4*y + 216. Suppose 2*a + 8 = 0, -5*p - y = -2*p + 3*a. Let o(x) = -x**2 - 35. Calculate o(p).
-35
Let w(k) = 11 + k**2 - 3*k**2 + k**2 + 7*k. Let x = 710 + -710. Suppose x = 35*s - 43*s + 72. Determine w(s).
-7
Let u(z) = 2*z**2 + z. Suppose k - 5*l - 11 = -k, -2*k = 4*l - 2. Suppose d - 17 = -r, -k*r = -d - d + 39. Suppose m - 16 = -d. What is u(m)?
6
Let y be 1 - (2 - (10 - 8)). Let s(i) be the third derivative of -i**5/20 + i**2. Give s(y).
-3
Let t(a) = a**2 - 3*a - 6. Let j be 2 + -2 + 8/2. Suppose 0 = 2*z - 14 + j. What is t(z)?
4
Let c(g) = -2*g**2 - g. Let p(q) = 2*q + 13. Let t be p(-8). Suppose 8*i + 145 = 193. Let v be (4 + (-22)/i)*t. Determine c(v).
-1
Let b be (520/50)/(-13)*3/(-48). Let h(q) be the second derivative of 1/3*q**3 + 0*q**2 + b*q**5 + 0*q**4 - 3*q + 0. What is h(2)?
12
Suppose -2*x = -x - 3. Suppose 0 = -x*r - 0*r + r. Suppose 3*q - 14 = b, r*b - 32 = -4*q + 4*b. Let u(f) = -f**3 + 3*f**2 + 2*f. Determine u(q).
6
Let w(o) = o + 1. Let z be 2*(-8 - 18/(-6)). Let p be (-5)/z - (-15)/(-6). Calculate w(p).
-1
Let o(g) = 2*g - 8*g - 2*g**2 - 44 - 10*g - 9*g. Let i be o(-10). Let d(v) = v**2 - 4*v + 5. Give d(i).
17
Suppose 5*j + 19*l = 17*l + 35, 4*l - 20 = 0. Let r(m) = -m**3 + 5*m**2 - 2*m + 1. What is r(j)?
-9
Let t(h) = 2*h**3 + 29*h**2 - 5*h - 23. Let w(d) = -d**3 - 16*d**2 + 3*d + 12. Let r(a) = -4*t(a) - 7*w(a). Give r(-4).
12
Let x(f) = -4*f**3 + 21*f**2 + 103*f + 44. Let w(q) = -q**3 + 5*q**2 + 23*q + 11. Let a(t) = 9*w(t) - 2*x(t). Determine a(0).
11
Let y = 6 - 0. Let u(q) = -7*q**2 + 12*q - 1. Suppose -11 - 13 = 4*b. Let z(a) = -6*a**2 + 11*a. Let p(l) = b*z(l) + 5*u(l). What is p(y)?
-5
Let g(t) = -27*t + 143. Let z(h) = 59*h - 285. Let d(k) = -7*g(k) - 3*z(k). Give d(12).
-2
Let w(o) = -13*o**2 - 51*o + 38. Let j(v) = -11*v**2 - 45*v + 35. Let m(p) = -7*j(p) + 6*w(p). Calculate m(8).
-9
Suppose 35*s + 712 - 187 = 0. Let p(g) = -19*g - 278. Give p(s).
7
Let g(k) = -10*k + 5. Let c be (-2)/9 - (-2)/(-18)*-29. What is g(c)?
-25
Let p(z) be the third derivative of 10*z - 4/3*z**3 + 0 + 5*z**2 + 1/120*z**6 - 1/12*z**5 - 5/24*z**4. What is p(6)?
-2
Let l(h) = -h**3 - h. Let n be 2/(-13) + 10/65. Let x be l(n). Let b(t) = -4 - 7*t**2 + 17*t**2 - 11*t**2. Determine b(x).
-4
Let p(c) = -c**3 - 7*c**2 + 9*c + 5. Let h(y) = 2*y + y**2 + 2 + y + 0 - 14*y. Suppose -d + 7 = -s, -60 + 16 = -5*d + 2*s. Let b be h(d). Calculate p(b).
-3
